 j?
6
Suppose 18 = -25*b + 28*b. What is the greatest common divisor of 258 and b?
6
Let m be (4 - (-96)/(-4))/(-1). What is the highest common factor of 55 and m?
5
Let g(f) = 3*f**2 - 19*f + 3. Let j(w) = w**2 - 9*w + 1. Let n(q) = -2*g(q) + 5*j(q). Let o be n(-6). What is the greatest common factor of o and 35?
5
Let n be (-48)/10*100/(-8). Calculate the greatest common factor of n and 1320.
60
Let m(o) = -5*o - 8. Let p be m(-2). Suppose 5*b = 2*r - 33, p*b + 4 = 2*r - 14. What is the highest common divisor of 20 and r?
4
Let d(n) = n**3 + 6*n**2 - 6*n + 15. Let c be d(-7). Suppose 0*l + 650 = 5*l. Let w = l - 90. Calculate the greatest common divisor of w and c.
8
Let g be (-41004)/(-119) - (-2 + (-22)/(-14)). What is the greatest common divisor of 15 and g?
15
Let c = 72 + -56. Let v be (-11 + 3 + 2)*-1. Let y be 224/6*(v - 3). Calculate the greatest common divisor of c and y.
16
Let j = 12 + 63. Suppose 0 = -2*o - 0*o + 5*a + j, 0 = 5*o - 2*a - 240. Let z = o - 24. Calculate the greatest common factor of 130 and z.
26
Suppose 3*f - 4*o - 65 = -0*o, 4*f - 2*o - 70 = 0. Let n = 12 + -9. Calculate the greatest common factor of n and f.
3
Suppose 0 = 5*w - 4*u - 10, 2*w + 2*w = -u + 8. Let n be ((-606)/(-18) + 1/3)/w. What is the highest common divisor of 136 and n?
17
Let y = -10 + 12. Suppose y*t - 4*t = 2*v - 16, -2*v - 8 = -4*t. Suppose -t*g - 32 = -112. Calculate the highest common divisor of 160 and g.
20
Suppose -2*y + 24 = 2*y - 3*l, -4*y - 5*l + 24 = 0. Let i be (y - (1 + -2))*3. Let w = 35 - 32. Calculate the greatest common divisor of w and i.
3
Suppose -5*y - 10*y + 2100 = 0. What is the greatest common divisor of 10 and y?
10
Let v(a) = -8*a - 21. Let m = -63 - -58. Let h be v(m). Calculate the highest common divisor of h and 209.
19
Let r be -1 + -1 - ((-4 - -4) + -1). Let t be (-202)/(-8) - r/(-4). Calculate the greatest common factor of 25 and t.
25
Let z = -2 - -20. Let g be (-4)/40*-5*24. What is the greatest common divisor of g and z?
6
Let q = 835 + -467. Let j be q*(2 + 12/(-8)). Calculate the greatest common divisor of j and 23.
23
Let m(o) = 2*o - 2. Let t be m(5). Let u(s) = s**3 + 4*s**2 + 3*s + 4. Let d be u(-5). Let k = -4 - d. Calculate the greatest common divisor of t and k.
8
Let y be (-12)/(-8) + 5/10. Let w be (7/y + -4)*-12. Suppose -z = -w*z + 150. What is the greatest common divisor of z and 10?
10
Let a = 14 - -16. Suppose 10 = -4*w + a. Calculate the greatest common factor of w and 25.
5
Let g = -5 - -5. Suppose g = -8*x + 2*x + 24. Let i(s) = -2*s - 6. Let y be i(-6). What is the highest common factor of y and x?
2
Suppose t - 18 - 6 = 0. What is the greatest common divisor of 30 and t?
6
Suppose -7*g + 3*g = -4*k + 32, -k + 5*g = -16. Suppose 0*q - 3*q - k = 0. Let i be (-2 - q) + 11 - -1. What is the highest common divisor of 30 and i?
6
Let n be (-247)/(-95) + 3/(-5). Suppose -2 = -p + l, -5*p + 2*p + 2*l = -9. Calculate the highest common divisor of n and p.
1
Let h be (25/(-20)*35)/((-2)/(-8)). Let q = 301 + h. Calculate the highest common divisor of q and 18.
18
Suppose 174*w + 204 = 191*w. Calculate the highest common factor of w and 6.
6
Let o(t) = -t**2 + 13*t - 9. Let u(l) = 3*l**2 - 2. Let h be u(2). Let w be o(h). Let f = -285 + 474. What is the greatest common factor of f and w?
21
Suppose 4*h - h = 0. Suppose 0*n + 4*n - 120 = h. Suppose 4*c - 6 = n. Calculate the greatest common divisor of 63 and c.
9
Suppose 0 = 5*u - 0*u + 2*x - 23, 2*u = x + 2. Suppose -2*d + 3*l + 29 = u*d, l = 2*d - 11. Calculate the highest common factor of 8 and d.
4
Let g = 475 + -469. What is the highest common divisor of g and 312?
6
Let a(k) = -2*k**2 + 67*k - 4. Let h be a(33). Let s = 0 + 2. Suppose 0*g + s*g - 638 = 0. What is the highest common divisor of g and h?
29
Let c(z) = z + 3. Let v be c(7). Let b be v/(-30) + 763/3. Let k = -122 + b. What is the highest common factor of 12 and k?
12
Suppose 0 = a + a + 12. Let o be (a/(-2) - 0)*-1. Let v be o/5 - 63/(-5). Calculate the greatest common divisor of v and 8.
4
Suppose -216 = -4*j + 148. What is the highest common divisor of 52 and j?
13
Let i = -135 - 60. Let p be 30/i - (-54)/13. Suppose -4*y + 955 - 343 = p*m, 3*y + m = 461. Calculate the greatest common factor of 14 and y.
14
Let z be -4 - (-2 - 0) - 16. Let r = -15 - z. Suppose 3*g = 2*d + 5*g - 8, -10 = -d + 2*g. What is the highest common factor of d and r?
3
Let x be 2*(-2)/(-8)*-8. Let i be (-1 - (x - 0))*3. Let d be 162/108*((-9)/(-6))/(1/36). What is the greatest common divisor of d and i?
9
Let b = -16 - -7. Let t = 23 - b. Let h be 6/4*(-16)/(-6). What is the highest common divisor of h and t?
4
Suppose 0*y - 280 = -y - 3*d, 2*y = 3*d + 533. Suppose 61 = -6*b + y. Calculate the highest common divisor of b and 105.
35
Suppose -4*f - 5*c + 598 = -929, 1500 = 4*f - 4*c. Calculate the greatest common divisor of f and 70.
14
Let q be -4*(19*(-4)/4 - 6). What is the greatest common divisor of q and 8?
4
Let p be ((-225)/(-18) + -15)*528/(-10). Calculate the highest common divisor of p and 1650.
66
Suppose w - 48 = -u, 155 = 3*u - 2*w + 26. Calculate the greatest common divisor of 45 and u.
45
Let h(w) = w**2 + 3*w - 5. Let y be h(-5). What is the highest common divisor of y and 210?
5
Let l(t) = 529*t**3 - 2*t**2 + 1. Let h be l(1). Suppose h - 150 = 7*g. What is the greatest common factor of g and 594?
54
Suppose 4*z - 3*h - 105 = 0, 36 = 3*z - 2*z - 4*h. Suppose 35 - 38 = -3*r, -2*j + 5*r = -115. Calculate the highest common factor of z and j.
12
Let w(c) = c**2 + 10*c - 93. Let j be w(-19). Calculate the greatest common factor of 104 and j.
26
Suppose -12*i + 552 = -72. Calculate the greatest common divisor of 16 and i.
4
Suppose -3*b - 6 - 3 = 0. Let w(x) = -4*x - 5. Let p be w(b). What is the highest common factor of 7 and p?
7
Let f = -1448 - -1451. Calculate the highest common factor of f and 99.
3
Let a = -26 + 27. Let u be (-1604)/(-20) - a/5. What is the greatest common factor of u and 32?
16
Let j(a) = a**3 - 9*a**2. Let f be j(10). Suppose f = 2*k + 3*k. Let y be 20/(-6)*(-36)/k. What is the highest common factor of 6 and y?
6
Let l(n) = -n**3 - 31*n**2 + 65*n - 19. Let m be l(-33). Let i be 36/m + (-6)/(-14). Calculate the greatest common divisor of 6 and i.
3
Let l(o) = 11*o**3 + 2*o**2 + 4*o - 5 - o - 1 + 3. Let w be l(2). What is the greatest common factor of w and 11?
11
Let t(q) = -2*q - 5. Let w be t(-10). Suppose -x - 3*x - 4*l + 220 = 0, 0 = 4*l + 20. Calculate the greatest common factor of x and w.
15
Suppose v - 24 = 3*q - 2*q, -2*v - 5*q + 20 = 0. Let c be (1 - (1 - v)) + (-6 - -5). Calculate the highest common factor of c and 209.
19
Let v be (4 - 2)/(2/3). Let p be (1 + -11)*(-18)/v. Let d be (-97)/(-4) + (-8)/32. What is the greatest common divisor of p and d?
12
Let b be 1/(4 - (-363)/(-90)). Let s be ((-84)/b)/((-2)/(-100)). What is the greatest common divisor of s and 14?
14
Let d(m) = 25*m**2 - 5. Let h(v) = v**2 - 1. Let c(b) = d(b) - 4*h(b). Let n be c(-1). Let f = -166 + 186. What is the greatest common divisor of f and n?
20
Let z = -996 + 1000. Calculate the highest common factor of 676 and z.
4
Let i(x) = -x**2 + 7*x + 5. Let q be i(7). Suppose -3*z = -q*t - z + 57, 3*t - 34 = z. Calculate the highest common factor of 77 and t.
11
Suppose -11*u + 360 + 146 = 0. What is the greatest common factor of u and 230?
46
Let n = -82 + 167. Let g = 3674 + -3640. What is the greatest common factor of g and n?
17
Let m = 250 + -245. Calculate the greatest common factor of 1 and m.
1
Suppose -4*f + 5*o + 97 = -84, -2*o = -3*f + 127. What is the greatest common divisor of f and 351?
39
Suppose 4*c + 4*h - 728 = 0, 4*h + 142 = 4*c - 570. Calculate the highest common factor of 9 and c.
9
Suppose 407 = 3*p - 5*x, 12*p + 2*x = 11*p + 121. Calculate the greatest common divisor of p and 12.
3
Suppose -i + 272 = 3*c, 5*c + 5*i - 73 = 397. Let q = c - 59. Let t(r) = 3*r + 2. Let f be t(6). What is the greatest common factor of f and q?
10
Let d(k) = -k**2 + 2*k + 18. Let t be d(-3). Calculate the highest common factor of 15 and t.
3
Let b be ((-1)/3)/((-1)/36*2). Suppose b*y = y + 540. Calculate the highest common factor of y and 12.
12
Let r(m) = m**2 - 12*m - 20. Let a be r(